{"id":626,"date":"2023-08-07T19:33:52","date_gmt":"2023-08-07T17:33:52","guid":{"rendered":"https:\/\/comprensivoitri.edu.it\/scuola\/?page_id=626"},"modified":"2024-05-13T17:56:56","modified_gmt":"2024-05-13T15:56:56","slug":"dichiarazione-di-accessibilita","status":"publish","type":"page","link":"https:\/\/comprensivoitri.edu.it\/scuola\/dichiarazione-di-accessibilita\/","title":{"rendered":"Dichiarazione di accessibilit\u00e0"},"content":{"rendered":"\n<p>La Dichiarazione di accessibilit\u00e0 \u00e8 lo strumento attraverso il quale le Amministrazioni rendono pubblico lo stato di accessibilit\u00e0 di ogni sito web e applicazione mobile di cui sono titolari.<\/p>\n\n\n\n<p>Entro il 23 settembre di ogni anno la PA riesamina e, se necessario, procede&nbsp;all\u2019aggiornamento dei contenuti della dichiarazione. Ogni dichiarazione ha validit\u00e0 annuale dal 24 settembre dell\u2019anno corrente al 23 settembre dell\u2019anno successivo.&nbsp;<\/p>\n\n\n\n<p>La mancata pubblicazione determina un inadempimento normativo&nbsp;con la responsabilit\u00e0 prevista dall\u2019art. 9 della Legge n. 4\/2004.&nbsp;<\/p>\n\n\n\n<p>Obiettivi accessibilit\u00e0 2023<\/p>\n","protected":false},"excerpt":{"rendered":"<p>La Dichiarazione di accessibilit\u00e0 \u00e8 lo strumento attraverso il quale le Amministrazioni rendono pubblico lo stato di accessibilit\u00e0 di ogni sito web e applicazione mobile di cui sono titolari. Entro il 23 settembre di ogni anno [&hellip;]<\/p>\n","protected":false},"author":1,"featured_media":0,"parent":0,"menu_order":0,"comment_status":"closed","ping_status":"closed","template":"","meta":{"footnotes":""},"tags":[779],"class_list":["post-626","page","type-page","status-publish","hentry","tag-istituto"],"_links":{"self":[{"href":"https:\/\/comprensivoitri.edu.it\/scuola\/wp-json\/wp\/v2\/pages\/626","targetHints":{"allow":["GET"]}}],"collection":[{"href":"https:\/\/comprensivoitri.edu.it\/scuola\/wp-json\/wp\/v2\/pages"}],"about":[{"href":"https:\/\/comprensivoitri.edu.it\/scuola\/wp-json\/wp\/v2\/types\/page"}],"author":[{"embeddable":true,"href":"https:\/\/comprensivoitri.edu.it\/scuola\/wp-json\/wp\/v2\/users\/1"}],"replies":[{"embeddable":true,"href":"https:\/\/comprensivoitri.edu.it\/scuola\/wp-json\/wp\/v2\/comments?post=626"}],"version-history":[{"count":2,"href":"https:\/\/comprensivoitri.edu.it\/scuola\/wp-json\/wp\/v2\/pages\/626\/revisions"}],"predecessor-version":[{"id":630,"href":"https:\/\/comprensivoitri.edu.it\/scuola\/wp-json\/wp\/v2\/pages\/626\/revisions\/630"}],"wp:attachment":[{"href":"https:\/\/comprensivoitri.edu.it\/scuola\/wp-json\/wp\/v2\/media?parent=626"}],"wp:term":[{"taxonomy":"post_tag","embeddable":true,"href":"https:\/\/comprensivoitri.edu.it\/scuola\/wp-json\/wp\/v2\/tags?post=626"}],"curies":[{"name":"wp","href":"https:\/\/api.w.org\/{rel}","templated":true}]}}